{"id":6220,"date":"2019-10-23T10:24:26","date_gmt":"2019-10-23T13:24:26","guid":{"rendered":"http:\/\/www.debarry.cloud\/?page_id=6220"},"modified":"2023-04-26T16:20:39","modified_gmt":"2023-04-26T19:20:39","slug":"signna","status":"publish","type":"page","link":"http:\/\/www.debarry.cloud\/?page_id=6220","title":{"rendered":"SIGNNA"},"content":{"rendered":"<p>[vc_row][vc_column width=&#8221;1\/2&#8243;]<div class=\"finax-headings clearfix \"  style=\"\"><h5 class=\"heading clearfix \" style=\"\">\r\n\t\tEmita certificados digitais para seus funcion\u00e1rios, fornecedores e clientes a fim de permitir que todo tr\u00e2mite de documentos seja feito em meio digital.\r\n\t<\/h5><p class=\"sub-heading clearfix\" style=\"font-style:normal;\">\r\n\t\tTornar-se uma Autoridade Certificadora Privada \u00e9 uma das melhores sa\u00eddas para facilitar e agilizar os processos de um neg\u00f3cio. Essa autonomia permite ao empres\u00e1rio verificar digitalmente todos os processos internos da empresa e com isso, aumentar a sua competitividade no mercado. Mas essa autoridade tem diferen\u00e7as em rela\u00e7\u00e3o \u00e0s Autoridades Certificadores comumente conhecidas.<\/p>\n<p>Certificados digitais s\u00e3o identidade digitais dos usu\u00e1rios no ambiente online. Eles garantem autenticidade, confidencialidade, integridade e n\u00e3o rep\u00fadio nas opera\u00e7\u00f5es que s\u00e3o realizadas por meio dele, atribuindo validade jur\u00eddica. Os certificados digitais permitem que diversos servi\u00e7os sejam realizados sem a necessidade de presen\u00e7a ou m\u00eddia f\u00edsica, o que significa: agilidade nos processos, sustentabilidade e redu\u00e7\u00e3o de custos.<\/p>\n<p>Entenda abaixo as diferen\u00e7as entre as Autoridades Certificadoras e confira as vantagens de ser tornar uma AC Privada.<\/p>\n<p>Autoridade Certificadora (ICP-Brasil): Toda e qualquer Autoridade Certificadora \u00e9 homologada e credenciada pela ICP-Brasil, por meio do Instituto Nacional de Tecnologia da Informa\u00e7\u00e3o (ITI), primeira autoridade dessa hierarquia. Cada AC possui suas especificidades e fun\u00e7\u00f5es diferentes.<\/p>\n<p>AC Raiz Debarry: Toda Autoridade Certificadora \u00e9 subordinada a uma AC Raiz. Ao criar sua AC Privada, a Debarry \u2013 Inova\u00e7\u00e3o e Tecnologia ser\u00e1 a raiz da cadeia de certificados. Sua ACP ser\u00e1 capaz de emitir certificados digitais dentro da sua organiza\u00e7\u00e3o para seus clientes, fornecedores, parceiros e a quem mais necessitar.<\/p>\n<p>Autoridade Certificadora Privada: \u00e9 um sistema que tem a sua pr\u00f3pria infraestrutura de chaves p\u00fablicas. Isso significa que essa AC \u00e9 respons\u00e1vel por gerenciar as suas pol\u00edticas e pr\u00e1ticas para o uso do documento, que ser\u00e1 emitido e usado apenas para fins espec\u00edficos internos \u00e0 empresa.<\/p>\n<p>A Signna \u00e9 uma solu\u00e7\u00e3o que permite a gest\u00e3o dos certificados digitais emitidos pela sua institui\u00e7\u00e3o a fim de utilizar a documenta\u00e7\u00e3o digitalmente. Ou seja, essa Autoridade Certificadora Privada fica respons\u00e1vel por gerar os certificados para os pr\u00f3prios entes, colaboradores, funcion\u00e1rios, servidores, fornecedores, alunos e etc. Toda a gest\u00e3o dos certificados ser\u00e1 feita por meio de uma aplica\u00e7\u00e3o web. De posse dos certificados digitais corporativos os usu\u00e1rios poder\u00e3o assinar documentos digitalmente.\r\n\t<\/p><\/div>\r\n\t<div class=\"finax-spacer clearfix\" data-desktop=\"30\" data-mobi=\"0\" data-smobi=\"0\"><\/div>[\/vc_column][vc_column width=&#8221;1\/2&#8243;][vc_single_image image=&#8221;6203&#8243; alignment=&#8221;center&#8221; css_animation=&#8221;flipInX&#8221;][\/vc_column][\/vc_row][vc_row][vc_column]\r\n\t<div class=\"finax-spacer clearfix\" data-desktop=\"20\" data-mobi=\"0\" data-smobi=\"0\"><\/div><div class=\"finax-divider divider-center divider-solid\" style=\"\"><\/div><div class=\"clearfix\"><\/div><div class=\"finax-headings clearfix \"  style=\"\"><h4 class=\"heading clearfix \" style=\"\">\r\n\t\tSolicite seu or\u00e7amento\r\n\t<\/h4><p class=\"sub-heading clearfix\" style=\"font-style:normal;\">\r\n\t\tPreencha o formul\u00e1rio abaixo e em seguida entraremos em contato com voc\u00ea.\r\n\t<\/p><\/div>\r\n\t<div class=\"finax-spacer clearfix\" data-desktop=\"40\" data-mobi=\"0\" data-smobi=\"0\"><\/div>\n<div class=\"wpcf7 no-js\" id=\"wpcf7-f4437-o1\" lang=\"en-US\" dir=\"ltr\">\n<div class=\"screen-reader-response\"><p role=\"status\" aria-live=\"polite\" aria-atomic=\"true\"><\/p> <ul><\/ul><\/div>\n<form action=\"\/index.php?rest_route=%2Fwp%2Fv2%2Fpages%2F6220#wpcf7-f4437-o1\" method=\"post\" class=\"wpcf7-form init\" aria-label=\"Contact form\" novalidate=\"novalidate\" data-status=\"init\">\n<div style=\"display: none;\">\n<input type=\"hidden\" name=\"_wpcf7\" value=\"4437\" \/>\n<input type=\"hidden\" name=\"_wpcf7_version\" value=\"5.7.4\" \/>\n<input type=\"hidden\" name=\"_wpcf7_locale\" value=\"en_US\" \/>\n<input type=\"hidden\" name=\"_wpcf7_unit_tag\" value=\"wpcf7-f4437-o1\" \/>\n<input type=\"hidden\" name=\"_wpcf7_container_post\" value=\"0\" \/>\n<input type=\"hidden\" name=\"_wpcf7_posted_data_hash\" value=\"\" \/>\n<input type=\"hidden\" name=\"_wpcf7_recaptcha_response\" value=\"\" \/>\n<\/div>\n<div class=\"cf7-style-1\">\n\t<div class=\"name-wrap\">\n\t\t<p><span class=\"wpcf7-form-control-wrap\" data-name=\"your-name\"><input size=\"40\" class=\"wpcf7-form-control wpcf7-text wpcf7-validates-as-required\" aria-required=\"true\" aria-invalid=\"false\" placeholder=\"Name\" value=\"\" type=\"text\" name=\"your-name\" \/><\/span>\n\t\t<\/p>\n\t<\/div>\n\t<div class=\"email-wrap\">\n\t\t<p><span class=\"wpcf7-form-control-wrap\" data-name=\"your-email\"><input size=\"40\" class=\"wpcf7-form-control wpcf7-text wpcf7-email wpcf7-validates-as-required wpcf7-validates-as-email\" aria-required=\"true\" aria-invalid=\"false\" placeholder=\"Email\" value=\"\" type=\"email\" name=\"your-email\" \/><\/span>\n\t\t<\/p>\n\t<\/div>\n\t<div class=\"phone-wrap\">\n\t\t<p><span class=\"wpcf7-form-control-wrap\" data-name=\"your-phone\"><input size=\"40\" class=\"wpcf7-form-control wpcf7-text wpcf7-validates-as-required\" aria-required=\"true\" aria-invalid=\"false\" placeholder=\"Your Phone\" value=\"\" type=\"text\" name=\"your-phone\" \/><\/span>\n\t\t<\/p>\n\t<\/div>\n\t<div class=\"message-wrap\">\n\t\t<p><span class=\"wpcf7-form-control-wrap\" data-name=\"your-message\"><textarea cols=\"40\" rows=\"10\" class=\"wpcf7-form-control wpcf7-textarea\" aria-invalid=\"false\" placeholder=\"Message\" name=\"your-message\"><\/textarea><\/span>\n\t\t<\/p>\n\t<\/div>\n\t<div class=\"submit-wrap\">\n\t\t<p><input class=\"wpcf7-form-control has-spinner wpcf7-submit\" type=\"submit\" value=\"Enviar\" \/>\n\t\t<\/p>\n\t<\/div>\n<\/div><p style=\"display: none !important;\" class=\"akismet-fields-container\" data-prefix=\"_wpcf7_ak_\"><label>&#916;<textarea name=\"_wpcf7_ak_hp_textarea\" cols=\"45\" rows=\"8\" maxlength=\"100\"><\/textarea><\/label><input type=\"hidden\" id=\"ak_js_1\" name=\"_wpcf7_ak_js\" value=\"154\"\/><script>document.getElementById( \"ak_js_1\" ).setAttribute( \"value\", ( new Date() ).getTime() );<\/script><\/p><div class=\"wpcf7-response-output\" aria-hidden=\"true\"><\/div>\n<\/form>\n<\/div>\n[\/vc_column][\/vc_row]<\/p>\n","protected":false},"excerpt":{"rendered":"<p>[vc_row][vc_column width=&#8221;1\/2&#8243;][\/vc_column][vc_column width=&#8221;1\/2&#8243;][vc_single_image image=&#8221;6203&#8243; alignment=&#8221;center&#8221; css_animation=&#8221;flipInX&#8221;][\/vc_column][\/vc_row][vc_row][vc_column][\/vc_column][\/vc_row]<\/p>\n","protected":false},"author":1,"featured_media":6531,"parent":0,"menu_order":0,"comment_status":"closed","ping_status":"closed","template":"","meta":{"jetpack_post_was_ever_published":false},"aioseo_notices":[],"jetpack_sharing_enabled":true,"jetpack_shortlink":"https:\/\/wp.me\/PaP2iO-1Ck","jetpack-related-posts":[{"id":1316,"url":"http:\/\/www.debarry.cloud\/?page_id=1316","url_meta":{"origin":6220,"position":0},"title":"Sobre a Debarry","date":"16\/10\/2017","format":false,"excerpt":"[vc_row][vc_column][vc_row_inner][vc_column_inner width=\"5\/12\"][\/vc_column_inner][vc_column_inner width=\"7\/12\"][vc_column_text]A Debarry - Inova\u00e7\u00e3o e Tecnologia, empresa desenvolvedora do Doc.Xpress, entrega para mais de 500 IES a melhor solu\u00e7\u00e3o para cumprir a obrigatoriedade do MEC referente a documentos digitais. Al\u00e9m do servi\u00e7o de digitaliza\u00e7\u00e3o de 100% do acervo acad\u00eamico, somos l\u00edder na entrega do Diploma Digital, Hist\u00f3rico e\u2026","rel":"","context":"Similar post","img":{"alt_text":"","src":"","width":0,"height":0},"classes":[]},{"id":2269,"url":"http:\/\/www.debarry.cloud\/?page_id=2269","url_meta":{"origin":6220,"position":1},"title":"DIPLOMAX","date":"06\/12\/2017","format":false,"excerpt":"[vc_row][vc_column width=\"1\/2\"][\/vc_column][vc_column width=\"1\/2\"][vc_single_image image=\"6468\" img_size=\"550x350\" alignment=\"center\" css_animation=\"flipInX\"][\/vc_column][\/vc_row][vc_row][vc_column][\/vc_column][\/vc_row]","rel":"","context":"Similar post","img":{"alt_text":"","src":"","width":0,"height":0},"classes":[]},{"id":5293,"url":"http:\/\/www.debarry.cloud\/","url_meta":{"origin":6220,"position":2},"title":"Home","date":"15\/02\/2019","format":false,"excerpt":"[vc_row][vc_column][rev_slider_vc alias=\"slider-1\"][\/vc_column][\/vc_row][vc_row][vc_column][vc_row_inner][vc_column_inner width=\"1\/2\"][\/vc_column_inner][vc_column_inner width=\"1\/2\"][\/vc_column_inner][\/vc_row_inner][vc_row_inner el_id=\"aplicabilidade\" el_class=\"aplicabilidade\"][vc_column_inner][\/vc_column_inner][\/vc_row_inner][\/vc_column][\/vc_row][vc_row column_spacing=\"10\" img_halfrow=\"parallax\" halfrow_image=\"5341\" img_columns=\"5columns\" img_position=\"imgright\" img_offset_left=\"-80px\" img_offset_top=\"100px\" css=\".vc_custom_1551504600068{background-image: url(http:\/\/ninzio.com\/finax\/wp-content\/uploads\/2019\/02\/section_bg6.jpg?id=5378) !important;background-position: center !important;background-repeat: no-repeat !important;background-size: cover !important;}\" parallax_x=\"0\" parallax_y=\"15px\"][vc_column][vc_row_inner column_inner_spacing=\"\"][vc_column_inner width=\"1\/2\"][\/vc_column_inner][vc_column_inner width=\"1\/2\"][\/vc_column_inner][\/vc_row_inner][\/vc_column][\/vc_row][vc_row][vc_column][\/vc_column][\/vc_row]","rel":"","context":"Similar post","img":{"alt_text":"","src":"","width":0,"height":0},"classes":[]},{"id":6635,"url":"http:\/\/www.debarry.cloud\/?page_id=6635","url_meta":{"origin":6220,"position":3},"title":"Diplomax Registro","date":"03\/02\/2023","format":false,"excerpt":"[vc_row][vc_column width=\"1\/2\"][\/vc_column][vc_column width=\"1\/2\"][\/vc_column][\/vc_row][vc_row][vc_column][\/vc_column][\/vc_row]","rel":"","context":"Similar post","img":{"alt_text":"","src":"","width":0,"height":0},"classes":[]},{"id":2288,"url":"http:\/\/www.debarry.cloud\/?page_id=2288","url_meta":{"origin":6220,"position":4},"title":"Doc.Xpress","date":"07\/12\/2017","format":false,"excerpt":"[vc_row][vc_column width=\"1\/2\"][\/vc_column][vc_column width=\"1\/2\"][vc_single_image image=\"6189\" alignment=\"center\" css_animation=\"flipInX\"][\/vc_column][\/vc_row][vc_row][vc_column][\/vc_column][\/vc_row]","rel":"","context":"Similar post","img":{"alt_text":"","src":"","width":0,"height":0},"classes":[]},{"id":6627,"url":"http:\/\/www.debarry.cloud\/?page_id=6627","url_meta":{"origin":6220,"position":5},"title":"INBOUND &#8211; Assinatura Eletr\u00f4nica Avan\u00e7ada","date":"03\/02\/2023","format":false,"excerpt":"[vc_row][vc_column width=\"1\/2\"][\/vc_column][vc_column width=\"1\/2\"][\/vc_column][\/vc_row][vc_row][vc_column][\/vc_column][\/vc_row]","rel":"","context":"Similar post","img":{"alt_text":"","src":"","width":0,"height":0},"classes":[]}],"_links":{"self":[{"href":"http:\/\/www.debarry.cloud\/index.php?rest_route=\/wp\/v2\/pages\/6220"}],"collection":[{"href":"http:\/\/www.debarry.cloud\/index.php?rest_route=\/wp\/v2\/pages"}],"about":[{"href":"http:\/\/www.debarry.cloud\/index.php?rest_route=\/wp\/v2\/types\/page"}],"author":[{"embeddable":true,"href":"http:\/\/www.debarry.cloud\/index.php?rest_route=\/wp\/v2\/users\/1"}],"replies":[{"embeddable":true,"href":"http:\/\/www.debarry.cloud\/index.php?rest_route=%2Fwp%2Fv2%2Fcomments&post=6220"}],"version-history":[{"count":20,"href":"http:\/\/www.debarry.cloud\/index.php?rest_route=\/wp\/v2\/pages\/6220\/revisions"}],"predecessor-version":[{"id":6759,"href":"http:\/\/www.debarry.cloud\/index.php?rest_route=\/wp\/v2\/pages\/6220\/revisions\/6759"}],"wp:featuredmedia":[{"embeddable":true,"href":"http:\/\/www.debarry.cloud\/index.php?rest_route=\/wp\/v2\/media\/6531"}],"wp:attachment":[{"href":"http:\/\/www.debarry.cloud\/index.php?rest_route=%2Fwp%2Fv2%2Fmedia&parent=6220"}],"curies":[{"name":"wp","href":"https:\/\/api.w.org\/{rel}","templated":true}]}}